CRAN Package Check Results for Package lagsarlmtree

Last updated on 2022-05-24 07:52:23 CEST.

Flavor Version Tinstall Tcheck Ttotal Status Flags
r-devel-linux-x86_64-debian-clang 1.0-1 34.09 345.81 379.90 OK
r-devel-linux-x86_64-debian-gcc 1.0-1 29.63 258.02 287.65 OK
r-devel-linux-x86_64-fedora-clang 1.0-1 482.16 NOTE
r-devel-linux-x86_64-fedora-gcc 1.0-1 437.42 OK
r-devel-windows-x86_64 1.0-1 39.00 332.00 371.00 NOTE
r-patched-linux-x86_64 1.0-1 33.50 333.80 367.30 OK
r-release-linux-x86_64 1.0-1 OK
r-release-macos-arm64 1.0-1 90.00 NOTE
r-release-macos-x86_64 1.0-1 141.00 NOTE
r-release-windows-x86_64 1.0-1 37.00 319.00 356.00 NOTE
r-oldrel-macos-arm64 1.0-1 73.00 NOTE
r-oldrel-macos-x86_64 1.0-1 97.00 NOTE
r-oldrel-windows-ix86+x86_64 1.0-1 79.00 326.00 405.00 NOTE

Check Details

Version: 1.0-1
Check: installed package size
Result: NOTE
     installed size is 8.4Mb
     sub-directories of 1Mb or more:
     data 8.3Mb
Flavors: r-devel-linux-x86_64-fedora-clang, r-devel-windows-x86_64, r-release-macos-arm64, r-release-macos-x86_64, r-release-windows-x86_64, r-oldrel-macos-arm64, r-oldrel-macos-x86_64, r-oldrel-windows-ix86+x86_64

Version: 1.0-1
Check: Rd cross-references
Result: NOTE
    Undeclared package ‘spdep’ in Rd xrefs
Flavor: r-devel-linux-x86_64-fedora-clang