Last updated on 2022-05-27 07:50:07 CEST.
Flavor | Version | Tinstall | Tcheck | Ttotal | Status | Flags |
---|---|---|---|---|---|---|
r-devel-linux-x86_64-debian-clang | 1.3.1 | 8.23 | 86.61 | 94.84 | OK | |
r-devel-linux-x86_64-debian-gcc | 1.3.1 | 7.90 | 66.39 | 74.29 | OK | |
r-devel-linux-x86_64-fedora-clang | 1.3.1 | 113.07 | NOTE | |||
r-devel-linux-x86_64-fedora-gcc | 1.3.1 | 112.05 | NOTE | |||
r-devel-windows-x86_64 | 1.3.1 | 16.00 | 101.00 | 117.00 | OK | |
r-patched-linux-x86_64 | 1.3.1 | 12.23 | 82.27 | 94.50 | OK | |
r-release-linux-x86_64 | 1.3.1 | 7.30 | 82.86 | 90.16 | OK | |
r-release-macos-arm64 | 1.3.1 | 35.00 | OK | |||
r-release-macos-x86_64 | 1.3.1 | 47.00 | OK | |||
r-release-windows-x86_64 | 1.3.1 | 21.00 | 97.00 | 118.00 | OK | |
r-oldrel-macos-arm64 | 1.3.1 | 37.00 | OK | |||
r-oldrel-macos-x86_64 | 1.3.1 | 66.00 | OK | |||
r-oldrel-windows-ix86+x86_64 | 1.3.1 | 20.00 | 122.00 | 142.00 | OK |
Version: 1.3.1
Check: compiled code
Result: NOTE
File ‘kknn/libs/kknn.so’:
Found no calls to: ‘R_registerRoutines’, ‘R_useDynamicSymbols’
It is good practice to register native routines and to disable symbol
search.
See ‘Writing portable packages’ in the ‘Writing R Extensions’ manual.
Flavors: r-devel-linux-x86_64-fedora-clang, r-devel-linux-x86_64-fedora-gcc