CRAN Package Check Results for Package kindisperse

Last updated on 2022-05-22 07:53:15 CEST.

Flavor Version Tinstall Tcheck Ttotal Status Flags
r-devel-linux-x86_64-debian-clang 0.10.2 15.89 146.99 162.88 OK
r-devel-linux-x86_64-debian-gcc 0.10.2 12.17 110.28 122.45 OK
r-devel-linux-x86_64-fedora-clang 0.10.2 191.70 NOTE
r-devel-linux-x86_64-fedora-gcc 0.10.2 183.69 NOTE
r-devel-windows-x86_64 0.10.2 125.00 184.00 309.00 OK
r-patched-linux-x86_64 0.10.2 11.01 132.67 143.68 OK
r-release-linux-x86_64 0.10.2 8.92 137.47 146.39 OK
r-release-macos-arm64 0.10.2 52.00 NOTE
r-release-macos-x86_64 0.10.2 89.00 NOTE
r-release-windows-x86_64 0.10.2 152.00 194.00 346.00 OK
r-oldrel-macos-arm64 0.10.2 56.00 NOTE
r-oldrel-macos-x86_64 0.10.2 69.00 NOTE
r-oldrel-windows-ix86+x86_64 0.10.2 31.00 177.00 208.00 OK

Check Details

Version: 0.10.2
Check: dependencies in R code
Result: NOTE
    Namespaces in Imports field not imported from:
     ‘fitdistrplus’ ‘plotly’
     All declared Imports should be used.
Flavors: r-devel-linux-x86_64-fedora-clang, r-devel-linux-x86_64-fedora-gcc, r-release-macos-arm64, r-release-macos-x86_64, r-oldrel-macos-arm64, r-oldrel-macos-x86_64