Last updated on 2022-05-18 06:50:44 CEST.
Flavor | Version | Tinstall | Tcheck | Ttotal | Status | Flags |
---|---|---|---|---|---|---|
r-devel-linux-x86_64-debian-clang | 0.1.0.5 | 15.27 | 136.57 | 151.84 | OK | |
r-devel-linux-x86_64-debian-gcc | 0.1.0.5 | 9.45 | 102.07 | 111.52 | OK | |
r-devel-linux-x86_64-fedora-clang | 0.1.0.5 | 179.11 | NOTE | |||
r-devel-linux-x86_64-fedora-gcc | 0.1.0.5 | 184.38 | NOTE | |||
r-devel-windows-x86_64 | 0.1.0.5 | 40.00 | 161.00 | 201.00 | OK | |
r-patched-linux-x86_64 | 0.1.0.5 | 11.32 | 127.45 | 138.77 | OK | |
r-release-linux-x86_64 | 0.1.0.5 | 8.65 | 129.66 | 138.31 | OK | |
r-release-macos-arm64 | 0.1.0.5 | 51.00 | NOTE | |||
r-release-macos-x86_64 | 0.1.0.5 | 86.00 | NOTE | |||
r-release-windows-x86_64 | 0.1.0.5 | 59.00 | 168.00 | 227.00 | OK | |
r-oldrel-macos-arm64 | 0.1.0.5 | 40.00 | NOTE | |||
r-oldrel-macos-x86_64 | 0.1.0.5 | 67.00 | NOTE | |||
r-oldrel-windows-ix86+x86_64 | 0.1.0.5 | 31.00 | 147.00 | 178.00 | OK |
Version: 0.1.0.5
Check: dependencies in R code
Result: NOTE
Namespace in Imports field not imported from: ‘keras’
All declared Imports should be used.
Flavors: r-devel-linux-x86_64-fedora-clang, r-devel-linux-x86_64-fedora-gcc, r-release-macos-arm64, r-release-macos-x86_64, r-oldrel-macos-arm64, r-oldrel-macos-x86_64