CRAN Package Check Results for Package jsonify

Last updated on 2022-01-25 07:50:10 CET.

Flavor Version Tinstall Tcheck Ttotal Status Flags
r-devel-linux-x86_64-debian-clang 1.2.1 67.24 41.67 108.91 OK
r-devel-linux-x86_64-debian-gcc 1.2.1 54.62 33.13 87.75 OK
r-devel-linux-x86_64-fedora-clang 1.2.1 174.18 NOTE
r-devel-linux-x86_64-fedora-gcc 1.2.1 148.24 OK
r-devel-windows-x86_64-new-UL 1.2.1 140.00 93.00 233.00 OK
r-devel-windows-x86_64-new-TK 1.2.1 OK
r-patched-linux-x86_64 1.2.1 64.68 39.76 104.44 OK
r-release-linux-x86_64 1.2.1 64.89 39.70 104.59 OK
r-release-macos-arm64 1.2.1 NOTE
r-release-macos-x86_64 1.2.1 NOTE
r-release-windows-ix86+x86_64 1.2.1 171.00 80.00 251.00 OK
r-oldrel-macos-x86_64 1.2.1 NOTE
r-oldrel-windows-ix86+x86_64 1.2.1 171.00 83.00 254.00 OK

Check Details

Version: 1.2.1
Check: installed package size
Result: NOTE
     installed size is 6.0Mb
     sub-directories of 1Mb or more:
     doc 1.2Mb
     libs 4.5Mb
Flavors: r-devel-linux-x86_64-fedora-clang, r-release-macos-arm64, r-release-macos-x86_64, r-oldrel-macos-x86_64