CRAN Package Check Results for Package joinet

Last updated on 2022-05-28 07:56:00 CEST.

Flavor Version Tinstall Tcheck Ttotal Status Flags
r-devel-linux-x86_64-debian-clang 0.0.10 2.58 81.80 84.38 NOTE
r-devel-linux-x86_64-debian-gcc 0.0.10 2.44 61.86 64.30 NOTE
r-devel-linux-x86_64-fedora-clang 0.0.10 102.52 NOTE
r-devel-linux-x86_64-fedora-gcc 0.0.10 101.26 NOTE
r-devel-windows-x86_64 0.0.10 11.00 116.00 127.00 NOTE
r-patched-linux-x86_64 0.0.10 3.19 79.44 82.63 NOTE
r-release-linux-x86_64 0.0.10 2.17 79.25 81.42 NOTE
r-release-macos-arm64 0.0.10 32.00 NOTE
r-release-macos-x86_64 0.0.10 43.00 NOTE
r-release-windows-x86_64 0.0.10 13.00 109.00 122.00 NOTE
r-oldrel-macos-arm64 0.0.10 39.00 NOTE
r-oldrel-macos-x86_64 0.0.10 45.00 NOTE
r-oldrel-windows-ix86+x86_64 0.0.10 7.00 96.00 103.00 OK

Check Details

Version: 0.0.10
Check: package dependencies
Result: NOTE
    Package which this enhances but not available for checking: 'remMap'
Flavors: r-devel-linux-x86_64-debian-clang, r-devel-linux-x86_64-debian-gcc, r-devel-linux-x86_64-fedora-clang, r-devel-linux-x86_64-fedora-gcc, r-devel-windows-x86_64, r-patched-linux-x86_64, r-release-linux-x86_64, r-release-macos-arm64, r-release-windows-x86_64

Version: 0.0.10
Check: package dependencies
Result: NOTE
    Packages which this enhances but not available for checking:
     'remMap', 'MultivariateRandomForest'
Flavor: r-release-macos-x86_64

Version: 0.0.10
Check: package dependencies
Result: NOTE
    Package which this enhances but not available for checking: ‘MRCE’
Flavors: r-oldrel-macos-arm64, r-oldrel-macos-x86_64