Last updated on 2022-07-03 07:51:56 CEST.
Flavor | Version | Tinstall | Tcheck | Ttotal | Status | Flags |
---|---|---|---|---|---|---|
r-devel-linux-x86_64-debian-clang | 2.3.4 | 92.51 | 222.33 | 314.84 | OK | |
r-devel-linux-x86_64-debian-gcc | 2.3.4 | 75.99 | 100.47 | 176.46 | OK | |
r-devel-linux-x86_64-fedora-clang | 2.3.4 | 302.83 | WARN | |||
r-devel-linux-x86_64-fedora-gcc | 2.3.4 | 303.31 | WARN | |||
r-devel-windows-x86_64 | 2.3.4 | 96.00 | 171.00 | 267.00 | NOTE | |
r-patched-linux-x86_64 | 2.3.4 | 83.89 | 164.37 | 248.26 | OK | |
r-release-linux-x86_64 | 2.3.4 | 96.13 | 129.60 | 225.73 | OK | |
r-release-macos-arm64 | 2.3.4 | 83.00 | NOTE | |||
r-release-macos-x86_64 | 2.3.4 | 133.00 | NOTE | |||
r-release-windows-x86_64 | 2.3.4 | 95.00 | 167.00 | 262.00 | NOTE | |
r-oldrel-macos-arm64 | 2.3.4 | 55.00 | NOTE | |||
r-oldrel-macos-x86_64 | 2.3.4 | 97.00 | NOTE | |||
r-oldrel-windows-ix86+x86_64 | 2.3.4 | 152.00 | 176.00 | 328.00 | NOTE |
Version: 2.3.4
Check: package dependencies
Result: WARN
Imports includes 23 non-default packages.
Importing from so many packages makes the package vulnerable to any of
them becoming unavailable. Move as many as possible to Suggests and
use conditionally.
Requires (indirectly) orphaned package: ‘gtools’
Flavor: r-devel-linux-x86_64-fedora-clang
Version: 2.3.4
Check: installed package size
Result: NOTE
installed size is 8.0Mb
sub-directories of 1Mb or more:
R 3.8Mb
i18n 4.0Mb
Flavors: r-devel-linux-x86_64-fedora-clang, r-devel-windows-x86_64, r-release-macos-arm64, r-release-macos-x86_64, r-release-windows-x86_64, r-oldrel-macos-arm64, r-oldrel-macos-x86_64, r-oldrel-windows-ix86+x86_64
Version: 2.3.4
Check: dependencies in R code
Result: NOTE
Namespaces in Imports field not imported from:
‘BayesFactor’ ‘GGally’ ‘GPArotation’ ‘MASS’ ‘PMCMR’ ‘R6’ ‘ROCR’
‘afex’ ‘car’ ‘dplyr’ ‘emmeans’ ‘ggrepel’ ‘ggridges’ ‘lavaan’
‘multcomp’ ‘mvnormtest’ ‘nnet’ ‘psych’ ‘vcd’ ‘vcdExtra’
All declared Imports should be used.
Flavors: r-devel-linux-x86_64-fedora-clang, r-devel-linux-x86_64-fedora-gcc, r-release-macos-arm64, r-release-macos-x86_64, r-oldrel-macos-arm64, r-oldrel-macos-x86_64
Version: 2.3.4
Check: package dependencies
Result: WARN
Requires (indirectly) orphaned package: ‘gtools’
Flavor: r-devel-linux-x86_64-fedora-gcc