Last updated on 2022-05-18 06:50:44 CEST.
Flavor | Version | Tinstall | Tcheck | Ttotal | Status | Flags |
---|---|---|---|---|---|---|
r-devel-linux-x86_64-debian-clang | 0.1.1 | 59.21 | 45.88 | 105.09 | OK | |
r-devel-linux-x86_64-debian-gcc | 0.1.1 | 55.76 | 36.19 | 91.95 | OK | |
r-devel-linux-x86_64-fedora-clang | 0.1.1 | 144.03 | NOTE | |||
r-devel-linux-x86_64-fedora-gcc | 0.1.1 | 145.46 | OK | |||
r-devel-windows-x86_64 | 0.1.1 | 50.00 | 102.00 | 152.00 | OK | |
r-patched-linux-x86_64 | 0.1.1 | 60.27 | 44.57 | 104.84 | OK | |
r-release-linux-x86_64 | 0.1.1 | 58.89 | 44.89 | 103.78 | OK | |
r-release-macos-arm64 | 0.1.1 | 42.00 | NOTE | |||
r-release-macos-x86_64 | 0.1.1 | 62.00 | NOTE | |||
r-release-windows-x86_64 | 0.1.1 | 53.00 | 98.00 | 151.00 | OK | |
r-oldrel-macos-arm64 | 0.1.1 | 43.00 | NOTE | |||
r-oldrel-macos-x86_64 | 0.1.1 | 64.00 | NOTE | |||
r-oldrel-windows-ix86+x86_64 | 0.1.1 | 132.00 | 92.00 | 224.00 | OK |
Version: 0.1.1
Check: installed package size
Result: NOTE
installed size is 5.4Mb
sub-directories of 1Mb or more:
libs 5.2Mb
Flavors: r-devel-linux-x86_64-fedora-clang, r-release-macos-arm64, r-release-macos-x86_64, r-oldrel-macos-arm64, r-oldrel-macos-x86_64