CRAN Package Check Results for Package janeaustenr

Last updated on 2022-07-04 07:48:58 CEST.

Flavor Version Tinstall Tcheck Ttotal Status Flags
r-devel-linux-x86_64-debian-clang 0.1.5 3.39 26.76 30.15 OK
r-devel-linux-x86_64-debian-gcc 0.1.5 2.88 20.51 23.39 OK
r-devel-linux-x86_64-fedora-clang 0.1.5 46.81 NOTE
r-devel-linux-x86_64-fedora-gcc 0.1.5 45.94 NOTE
r-devel-windows-x86_64 0.1.5 31.00 51.00 82.00 OK
r-patched-linux-x86_64 0.1.5 2.90 25.72 28.62 OK
r-release-linux-x86_64 0.1.5 2.96 25.35 28.31 OK
r-release-macos-arm64 0.1.5 16.00 NOTE
r-release-macos-x86_64 0.1.5 24.00 NOTE
r-release-windows-x86_64 0.1.5 34.00 52.00 86.00 OK
r-oldrel-macos-arm64 0.1.5 25.00 NOTE
r-oldrel-macos-x86_64 0.1.5 32.00 NOTE
r-oldrel-windows-ix86+x86_64 0.1.5 7.00 45.00 52.00 OK

Check Details

Version: 0.1.5
Check: data for non-ASCII characters
Result: NOTE
     Note: found 1 marked UTF-8 string
Flavors: r-devel-linux-x86_64-fedora-clang, r-devel-linux-x86_64-fedora-gcc, r-release-macos-arm64, r-release-macos-x86_64, r-oldrel-macos-arm64, r-oldrel-macos-x86_64