CRAN Package Check Results for Package jackstraw

Last updated on 2022-01-21 08:52:05 CET.

Flavor Version Tinstall Tcheck Ttotal Status Flags
r-devel-linux-x86_64-debian-clang 1.3.1 11.46 104.27 115.73 OK
r-devel-linux-x86_64-debian-gcc 1.3.1 9.62 77.29 86.91 OK
r-devel-linux-x86_64-fedora-clang 1.3.1 137.41 OK
r-devel-linux-x86_64-fedora-gcc 1.3.1 123.23 OK
r-devel-windows-x86_64-new-UL 1.3.1 43.00 117.00 160.00 OK
r-devel-windows-x86_64-new-TK 1.3.1 OK
r-patched-linux-x86_64 1.3.1 10.78 96.86 107.64 OK
r-release-linux-x86_64 1.3.1 9.00 96.82 105.82 OK
r-release-macos-arm64 1.3.1 OK
r-release-macos-x86_64 1.3.1 ERROR
r-release-windows-ix86+x86_64 1.3.1 26.00 114.00 140.00 OK
r-oldrel-macos-x86_64 1.3.1 ERROR
r-oldrel-windows-ix86+x86_64 1.3.1 26.00 114.00 140.00 OK

Check Details

Version: 1.3.1
Check: package dependencies
Result: ERROR
    Package required but not available: ‘lfa’
    
    See section ‘The DESCRIPTION file’ in the ‘Writing R Extensions’
    manual.
Flavors: r-release-macos-x86_64, r-oldrel-macos-x86_64