Last updated on 2022-05-16 06:52:26 CEST.
Flavor | Version | Tinstall | Tcheck | Ttotal | Status | Flags |
---|---|---|---|---|---|---|
r-devel-linux-x86_64-debian-clang | 0.1.0 | 7.34 | 76.17 | 83.51 | OK | |
r-devel-linux-x86_64-debian-gcc | 0.1.0 | 5.80 | 56.77 | 62.57 | OK | |
r-devel-linux-x86_64-fedora-clang | 0.1.0 | 100.77 | NOTE | |||
r-devel-linux-x86_64-fedora-gcc | 0.1.0 | 98.68 | NOTE | |||
r-devel-windows-x86_64 | 0.1.0 | 16.00 | 94.00 | 110.00 | OK | |
r-patched-linux-x86_64 | 0.1.0 | 6.44 | 70.64 | 77.08 | OK | |
r-release-linux-x86_64 | 0.1.0 | 7.21 | 72.00 | 79.21 | OK | |
r-release-macos-arm64 | 0.1.0 | 28.00 | NOTE | |||
r-release-macos-x86_64 | 0.1.0 | 51.00 | NOTE | |||
r-release-windows-x86_64 | 0.1.0 | 23.00 | 100.00 | 123.00 | OK | |
r-oldrel-macos-arm64 | 0.1.0 | 34.00 | NOTE | |||
r-oldrel-macos-x86_64 | 0.1.0 | 46.00 | NOTE | |||
r-oldrel-windows-ix86+x86_64 | 0.1.0 | 19.00 | 91.00 | 110.00 | OK |
Version: 0.1.0
Check: dependencies in R code
Result: NOTE
Namespaces in Imports field not imported from:
‘fBasics’ ‘reshape’ ‘tidyr’ ‘utils’
All declared Imports should be used.
Flavors: r-devel-linux-x86_64-fedora-clang, r-devel-linux-x86_64-fedora-gcc, r-release-macos-arm64, r-release-macos-x86_64, r-oldrel-macos-arm64, r-oldrel-macos-x86_64
Version: 0.1.0
Check: data for non-ASCII characters
Result: NOTE
Note: found 2261 marked UTF-8 strings
Flavors: r-devel-linux-x86_64-fedora-clang, r-devel-linux-x86_64-fedora-gcc, r-release-macos-arm64, r-release-macos-x86_64, r-oldrel-macos-arm64, r-oldrel-macos-x86_64