CRAN Package Check Results for Package istacr

Last updated on 2022-05-26 06:55:43 CEST.

Flavor Version Tinstall Tcheck Ttotal Status Flags
r-devel-linux-x86_64-debian-clang 0.1.3 2.89 45.75 48.64 NOTE
r-devel-linux-x86_64-debian-gcc 0.1.3 2.26 38.68 40.94 NOTE
r-devel-linux-x86_64-fedora-clang 0.1.3 54.36 NOTE
r-devel-linux-x86_64-fedora-gcc 0.1.3 54.50 NOTE
r-devel-windows-x86_64 0.1.3 98.00 93.00 191.00 NOTE
r-patched-linux-x86_64 0.1.3 4.25 44.63 48.88 NOTE
r-release-linux-x86_64 0.1.3 NOTE
r-release-macos-arm64 0.1.3 113.00 NOTE
r-release-macos-x86_64 0.1.3 123.00 NOTE
r-release-windows-x86_64 0.1.3 68.00 87.00 155.00 NOTE
r-oldrel-macos-arm64 0.1.3 118.00 NOTE
r-oldrel-macos-x86_64 0.1.3 136.00 NOTE
r-oldrel-windows-ix86+x86_64 0.1.3 7.00 86.00 93.00 NOTE

Check Details

Version: 0.1.3
Check: LazyData
Result: NOTE
     'LazyData' is specified without a 'data' directory
Flavors: r-devel-linux-x86_64-debian-clang, r-devel-linux-x86_64-debian-gcc, r-devel-linux-x86_64-fedora-clang, r-devel-linux-x86_64-fedora-gcc, r-devel-windows-x86_64, r-patched-linux-x86_64, r-release-linux-x86_64, r-release-macos-arm64, r-release-macos-x86_64, r-release-windows-x86_64, r-oldrel-macos-arm64, r-oldrel-macos-x86_64, r-oldrel-windows-ix86+x86_64