CRAN Package Check Results for Package isocalcR

Last updated on 2022-05-17 07:53:07 CEST.

Flavor Version Tinstall Tcheck Ttotal Status Flags
r-devel-linux-x86_64-debian-clang 0.0.2 2.19 36.09 38.28 OK
r-devel-linux-x86_64-debian-gcc 0.0.2 1.95 27.80 29.75 OK
r-devel-linux-x86_64-fedora-clang 0.0.2 45.99 NOTE
r-devel-linux-x86_64-fedora-gcc 0.0.2 44.78 NOTE
r-devel-windows-x86_64 0.0.2 16.00 59.00 75.00 OK
r-patched-linux-x86_64 0.0.2 2.37 34.16 36.53 OK
r-release-linux-x86_64 0.0.2 1.69 34.18 35.87 OK
r-release-macos-arm64 0.0.2 15.00 NOTE
r-release-macos-x86_64 0.0.2 31.00 NOTE
r-release-windows-x86_64 0.0.2 13.00 58.00 71.00 OK
r-oldrel-macos-arm64 0.0.2 18.00 NOTE
r-oldrel-macos-x86_64 0.0.2 24.00 NOTE
r-oldrel-windows-ix86+x86_64 0.0.2 7.00 51.00 58.00 OK

Check Details

Version: 0.0.2
Check: dependencies in R code
Result: NOTE
    Namespace in Imports field not imported from: ‘dplyr’
     All declared Imports should be used.
Flavors: r-devel-linux-x86_64-fedora-clang, r-devel-linux-x86_64-fedora-gcc, r-release-macos-arm64, r-release-macos-x86_64, r-oldrel-macos-arm64, r-oldrel-macos-x86_64