CRAN Package Check Results for Package ipdw

Last updated on 2022-01-25 07:50:10 CET.

Flavor Version Tinstall Tcheck Ttotal Status Flags
r-devel-linux-x86_64-debian-clang 0.2-9 29.84 369.88 399.72 NOTE
r-devel-linux-x86_64-debian-gcc 0.2-9 31.71 299.94 331.65 NOTE
r-devel-linux-x86_64-fedora-clang 0.2-9 528.50 NOTE
r-devel-linux-x86_64-fedora-gcc 0.2-9 510.01 NOTE
r-devel-windows-x86_64-new-UL 0.2-9 55.00 394.00 449.00 NOTE
r-devel-windows-x86_64-new-TK 0.2-9 NOTE
r-patched-linux-x86_64 0.2-9 30.78 356.72 387.50 NOTE
r-release-linux-x86_64 0.2-9 30.60 360.29 390.89 NOTE
r-release-macos-arm64 0.2-9 NOTE
r-release-macos-x86_64 0.2-9 NOTE
r-release-windows-ix86+x86_64 0.2-9 70.00 399.00 469.00 NOTE
r-oldrel-macos-x86_64 0.2-9 OK
r-oldrel-windows-ix86+x86_64 0.2-9 70.00 419.00 489.00 OK

Check Details

Version: 0.2-9
Check: LazyData
Result: NOTE
     'LazyData' is specified without a 'data' directory
Flavors: r-devel-linux-x86_64-debian-clang, r-devel-linux-x86_64-debian-gcc, r-devel-linux-x86_64-fedora-clang, r-devel-linux-x86_64-fedora-gcc, r-devel-windows-x86_64-new-UL, r-devel-windows-x86_64-new-TK, r-patched-linux-x86_64, r-release-linux-x86_64, r-release-macos-arm64, r-release-macos-x86_64, r-release-windows-ix86+x86_64