CRAN Package Check Results for Package ipc

Last updated on 2022-01-23 07:14:02 CET.

Flavor Version Tinstall Tcheck Ttotal Status Flags
r-devel-linux-x86_64-debian-clang 0.1.3 8.91 39.04 47.95 NOTE
r-devel-linux-x86_64-debian-gcc 0.1.3 8.09 33.16 41.25 NOTE
r-devel-linux-x86_64-fedora-clang 0.1.3 60.60 NOTE
r-devel-linux-x86_64-fedora-gcc 0.1.3 49.81 NOTE
r-devel-windows-x86_64-new-UL 0.1.3 32.00 68.00 100.00 NOTE
r-devel-windows-x86_64-new-TK 0.1.3 NOTE
r-patched-linux-x86_64 0.1.3 10.03 37.16 47.19 NOTE
r-release-linux-x86_64 0.1.3 6.49 37.56 44.05 NOTE
r-release-macos-arm64 0.1.3 NOTE
r-release-macos-x86_64 0.1.3 NOTE
r-release-windows-ix86+x86_64 0.1.3 16.00 52.00 68.00 NOTE
r-oldrel-macos-x86_64 0.1.3 OK
r-oldrel-windows-ix86+x86_64 0.1.3 16.00 53.00 69.00 OK

Check Details

Version: 0.1.3
Check: LazyData
Result: NOTE
     'LazyData' is specified without a 'data' directory
Flavors: r-devel-linux-x86_64-debian-clang, r-devel-linux-x86_64-debian-gcc, r-devel-linux-x86_64-fedora-clang, r-devel-linux-x86_64-fedora-gcc, r-devel-windows-x86_64-new-UL, r-devel-windows-x86_64-new-TK, r-patched-linux-x86_64, r-release-linux-x86_64, r-release-macos-arm64, r-release-macos-x86_64, r-release-windows-ix86+x86_64