Last updated on 2022-05-22 07:53:15 CEST.
Flavor | Version | Tinstall | Tcheck | Ttotal | Status | Flags |
---|---|---|---|---|---|---|
r-devel-linux-x86_64-debian-clang | 0.5.4 | 140.07 | 68.56 | 208.63 | OK | |
r-devel-linux-x86_64-debian-gcc | 0.5.4 | 116.80 | 52.01 | 168.81 | OK | |
r-devel-linux-x86_64-fedora-clang | 0.5.4 | 318.70 | NOTE | |||
r-devel-linux-x86_64-fedora-gcc | 0.5.4 | 288.64 | OK | |||
r-devel-windows-x86_64 | 0.5.4 | 178.00 | 123.00 | 301.00 | OK | |
r-patched-linux-x86_64 | 0.5.4 | 131.75 | 65.44 | 197.19 | OK | |
r-release-linux-x86_64 | 0.5.4 | 124.05 | 65.26 | 189.31 | OK | |
r-release-macos-arm64 | 0.5.4 | 72.00 | NOTE | |||
r-release-macos-x86_64 | 0.5.4 | 96.00 | NOTE | |||
r-release-windows-x86_64 | 0.5.4 | 180.00 | 125.00 | 305.00 | OK | |
r-oldrel-macos-arm64 | 0.5.4 | 82.00 | NOTE | |||
r-oldrel-macos-x86_64 | 0.5.4 | 115.00 | NOTE | |||
r-oldrel-windows-ix86+x86_64 | 0.5.4 | 364.00 | 127.00 | 491.00 | OK |
Version: 0.5.4
Check: installed package size
Result: NOTE
installed size is 6.0Mb
sub-directories of 1Mb or more:
libs 5.5Mb
Flavors: r-devel-linux-x86_64-fedora-clang, r-release-macos-arm64, r-release-macos-x86_64, r-oldrel-macos-arm64, r-oldrel-macos-x86_64