Last updated on 2022-07-06 07:49:00 CEST.
Flavor | Version | Tinstall | Tcheck | Ttotal | Status | Flags |
---|---|---|---|---|---|---|
r-devel-linux-x86_64-debian-clang | 1.1-2 | 153.21 | 52.74 | 205.95 | OK | |
r-devel-linux-x86_64-debian-gcc | 1.1-2 | 123.03 | 43.04 | 166.07 | OK | |
r-devel-linux-x86_64-fedora-clang | 1.1-2 | 308.87 | NOTE | |||
r-devel-linux-x86_64-fedora-gcc | 1.1-2 | 275.38 | OK | |||
r-devel-windows-x86_64 | 1.1-2 | 104.00 | 108.00 | 212.00 | OK | |
r-patched-linux-x86_64 | 1.1-2 | 131.53 | 53.50 | 185.03 | OK | |
r-release-linux-x86_64 | 1.1-2 | 132.98 | 52.92 | 185.90 | OK | |
r-release-macos-arm64 | 1.1-2 | 73.00 | NOTE | |||
r-release-macos-x86_64 | 1.1-2 | 95.00 | NOTE | |||
r-release-windows-x86_64 | 1.1-2 | 106.00 | 111.00 | 217.00 | OK | |
r-oldrel-macos-arm64 | 1.1-2 | 68.00 | NOTE | |||
r-oldrel-macos-x86_64 | 1.1-2 | 87.00 | NOTE | |||
r-oldrel-windows-ix86+x86_64 | 1.1-2 | 317.00 | 120.00 | 437.00 | OK |
Version: 1.1-2
Check: installed package size
Result: NOTE
installed size is 27.9Mb
sub-directories of 1Mb or more:
libs 27.5Mb
Flavors: r-devel-linux-x86_64-fedora-clang, r-release-macos-arm64, r-release-macos-x86_64, r-oldrel-macos-arm64, r-oldrel-macos-x86_64