CRAN Package Check Results for Package interimApp

Last updated on 2022-08-09 06:51:16 CEST.

Flavor Version Tinstall Tcheck Ttotal Status Flags
r-devel-linux-x86_64-debian-clang 0.0.1 4.05 41.90 45.95 NOTE
r-devel-linux-x86_64-debian-gcc 0.0.1 3.32 32.09 35.41 NOTE
r-devel-linux-x86_64-fedora-clang 0.0.1 64.47 NOTE
r-devel-linux-x86_64-fedora-gcc 0.0.1 65.58 NOTE
r-devel-windows-x86_64 0.0.1 13.00 76.00 89.00 NOTE
r-patched-linux-x86_64 0.0.1 4.40 40.28 44.68 NOTE
r-release-linux-x86_64 0.0.1 NOTE
r-release-macos-arm64 0.0.1 22.00 NOTE
r-release-macos-x86_64 0.0.1 38.00 NOTE
r-release-windows-x86_64 0.0.1 12.00 72.00 84.00 NOTE
r-oldrel-macos-arm64 0.0.1 24.00 NOTE
r-oldrel-macos-x86_64 0.0.1 30.00 NOTE
r-oldrel-windows-ix86+x86_64 0.0.1 12.00 64.00 76.00 NOTE

Check Details

Version: 0.0.1
Check: LazyData
Result: NOTE
     'LazyData' is specified without a 'data' directory
Flavors: r-devel-linux-x86_64-debian-clang, r-devel-linux-x86_64-debian-gcc, r-devel-linux-x86_64-fedora-clang, r-devel-linux-x86_64-fedora-gcc, r-devel-windows-x86_64, r-patched-linux-x86_64, r-release-linux-x86_64, r-release-macos-arm64, r-release-macos-x86_64, r-release-windows-x86_64, r-oldrel-macos-arm64, r-oldrel-macos-x86_64, r-oldrel-windows-ix86+x86_64