Last updated on 2022-07-02 07:07:01 CEST.
Flavor | Version | Tinstall | Tcheck | Ttotal | Status | Flags |
---|---|---|---|---|---|---|
r-devel-linux-x86_64-debian-clang | 2019.12.5 | 6.64 | 35.78 | 42.42 | OK | |
r-devel-linux-x86_64-debian-gcc | 2019.12.5 | 3.32 | 27.91 | 31.23 | OK | |
r-devel-linux-x86_64-fedora-clang | 2019.12.5 | 58.94 | NOTE | |||
r-devel-linux-x86_64-fedora-gcc | 2019.12.5 | 59.35 | OK | |||
r-devel-windows-x86_64 | 2019.12.5 | 59.00 | 78.00 | 137.00 | OK | |
r-patched-linux-x86_64 | 2019.12.5 | 6.39 | 33.73 | 40.12 | OK | |
r-release-linux-x86_64 | 2019.12.5 | 5.73 | 33.90 | 39.63 | OK | |
r-release-macos-arm64 | 2019.12.5 | 23.00 | OK | |||
r-release-macos-x86_64 | 2019.12.5 | 31.00 | OK | |||
r-release-windows-x86_64 | 2019.12.5 | 27.00 | 73.00 | 100.00 | OK | |
r-oldrel-macos-arm64 | 2019.12.5 | 27.00 | OK | |||
r-oldrel-macos-x86_64 | 2019.12.5 | 39.00 | OK | |||
r-oldrel-windows-ix86+x86_64 | 2019.12.5 | 11.00 | 60.00 | 71.00 | OK |
Version: 2019.12.5
Check: Rd cross-references
Result: NOTE
Undeclared package ‘R.methodsS3’ in Rd xrefs
Flavor: r-devel-linux-x86_64-fedora-clang