CRAN Package Check Results for Package infer

Last updated on 2022-01-17 06:53:19 CET.

Flavor Version Tinstall Tcheck Ttotal Status Flags
r-devel-linux-x86_64-debian-clang 1.0.0 7.66 431.04 438.70 OK
r-devel-linux-x86_64-debian-gcc 1.0.0 7.22 321.87 329.09 OK
r-devel-linux-x86_64-fedora-clang 1.0.0 497.43 NOTE
r-devel-linux-x86_64-fedora-gcc 1.0.0 496.33 OK
r-devel-windows-x86_64-new-UL 1.0.0 150.00 496.00 646.00 OK
r-devel-windows-x86_64-new-TK 1.0.0 OK
r-patched-linux-x86_64 1.0.0 5.92 431.64 437.56 OK
r-release-linux-x86_64 1.0.0 OK
r-release-macos-arm64 1.0.0 OK
r-release-macos-x86_64 1.0.0 OK
r-release-windows-ix86+x86_64 1.0.0 18.00 507.00 525.00 OK
r-oldrel-macos-x86_64 1.0.0 OK
r-oldrel-windows-ix86+x86_64 1.0.0 18.00 525.00 543.00 OK

Check Details

Version: 1.0.0
Check: Rd cross-references
Result: NOTE
    Undeclared package ‘parsnip’ in Rd xrefs
Flavor: r-devel-linux-x86_64-fedora-clang