CRAN Package Check Results for Package individual

Last updated on 2022-01-26 06:50:17 CET.

Flavor Version Tinstall Tcheck Ttotal Status Flags
r-devel-linux-x86_64-debian-clang 0.1.7 123.48 55.01 178.49 OK
r-devel-linux-x86_64-debian-gcc 0.1.7 91.80 42.56 134.36 OK
r-devel-linux-x86_64-fedora-clang 0.1.7 263.64 NOTE
r-devel-linux-x86_64-fedora-gcc 0.1.7 227.31 OK
r-devel-windows-x86_64-new-UL 0.1.7 190.00 125.00 315.00 OK
r-devel-windows-x86_64-new-TK 0.1.7 OK
r-patched-linux-x86_64 0.1.7 110.38 54.72 165.10 OK
r-release-linux-x86_64 0.1.7 99.64 54.71 154.35 OK
r-release-macos-arm64 0.1.7 NOTE
r-release-macos-x86_64 0.1.7 NOTE
r-release-windows-ix86+x86_64 0.1.7 275.00 110.00 385.00 OK
r-oldrel-macos-x86_64 0.1.7 NOTE
r-oldrel-windows-ix86+x86_64 0.1.7 276.00 111.00 387.00 OK

Check Details

Version: 0.1.7
Check: installed package size
Result: NOTE
     installed size is 10.1Mb
     sub-directories of 1Mb or more:
     libs 8.8Mb
Flavors: r-devel-linux-x86_64-fedora-clang, r-release-macos-arm64, r-release-macos-x86_64, r-oldrel-macos-x86_64