CRAN Package Check Results for Package impactflu

Last updated on 2022-05-19 07:50:11 CEST.

Flavor Version Tinstall Tcheck Ttotal Status Flags
r-devel-linux-x86_64-debian-clang 0.1.0 31.89 71.14 103.03 NOTE
r-devel-linux-x86_64-debian-gcc 0.1.0 26.46 52.08 78.54 NOTE
r-devel-linux-x86_64-fedora-clang 0.1.0 132.52 NOTE
r-devel-linux-x86_64-fedora-gcc 0.1.0 123.99 NOTE
r-devel-windows-x86_64 0.1.0 33.00 99.00 132.00 NOTE
r-patched-linux-x86_64 0.1.0 26.55 66.31 92.86 NOTE
r-release-linux-x86_64 0.1.0 31.63 64.83 96.46 NOTE
r-release-macos-arm64 0.1.0 31.00 NOTE
r-release-macos-x86_64 0.1.0 56.00 NOTE
r-release-windows-x86_64 0.1.0 34.00 99.00 133.00 NOTE
r-oldrel-macos-arm64 0.1.0 40.00 NOTE
r-oldrel-macos-x86_64 0.1.0 57.00 NOTE
r-oldrel-windows-ix86+x86_64 0.1.0 83.00 117.00 200.00 NOTE

Check Details

Version: 0.1.0
Check: LazyData
Result: NOTE
     'LazyData' is specified without a 'data' directory
Flavors: r-devel-linux-x86_64-debian-clang, r-devel-linux-x86_64-debian-gcc, r-devel-linux-x86_64-fedora-clang, r-devel-linux-x86_64-fedora-gcc, r-devel-windows-x86_64, r-patched-linux-x86_64, r-release-linux-x86_64, r-release-macos-arm64, r-release-macos-x86_64, r-release-windows-x86_64, r-oldrel-macos-arm64, r-oldrel-macos-x86_64, r-oldrel-windows-ix86+x86_64