CRAN Package Check Results for Package iml

Last updated on 2022-01-22 06:48:55 CET.

Flavor Version Tinstall Tcheck Ttotal Status Flags
r-devel-linux-x86_64-debian-clang 0.10.1 16.98 449.83 466.81 OK
r-devel-linux-x86_64-debian-gcc 0.10.1 13.21 290.62 303.83 OK
r-devel-linux-x86_64-fedora-clang 0.10.1 515.41 NOTE
r-devel-linux-x86_64-fedora-gcc 0.10.1 477.93 NOTE
r-devel-windows-x86_64-new-UL 0.10.1 44.00 382.00 426.00 OK
r-devel-windows-x86_64-new-TK 0.10.1 NOTE
r-patched-linux-x86_64 0.10.1 16.92 334.26 351.18 OK
r-release-linux-x86_64 0.10.1 16.94 334.50 351.44 OK
r-release-macos-arm64 0.10.1 NOTE
r-release-macos-x86_64 0.10.1 NOTE
r-release-windows-ix86+x86_64 0.10.1 32.00 347.00 379.00 OK
r-oldrel-macos-x86_64 0.10.1 NOTE
r-oldrel-windows-ix86+x86_64 0.10.1 32.00 347.00 379.00 OK

Check Details

Version: 0.10.1
Check: dependencies in R code
Result: NOTE
    Namespace in Imports field not imported from: ‘keras’
     All declared Imports should be used.
Flavors: r-devel-linux-x86_64-fedora-clang, r-devel-linux-x86_64-fedora-gcc, r-devel-windows-x86_64-new-TK, r-release-macos-arm64, r-release-macos-x86_64, r-oldrel-macos-x86_64