Last updated on 2022-06-30 07:50:13 CEST.
Flavor | Version | Tinstall | Tcheck | Ttotal | Status | Flags |
---|---|---|---|---|---|---|
r-devel-linux-x86_64-debian-clang | 0.42.13 | 681.79 | 188.71 | 870.50 | OK | |
r-devel-linux-x86_64-debian-gcc | 0.42.13 | 634.11 | 150.46 | 784.57 | OK | |
r-devel-linux-x86_64-fedora-clang | 0.42.13 | 1251.21 | NOTE | |||
r-devel-linux-x86_64-fedora-gcc | 0.42.13 | 1223.92 | OK | |||
r-devel-windows-x86_64 | 0.42.13 | 466.00 | 293.00 | 759.00 | NOTE | |
r-patched-linux-x86_64 | 0.42.13 | 642.55 | 186.67 | 829.22 | OK | |
r-release-linux-x86_64 | 0.42.13 | 622.19 | 187.67 | 809.86 | OK | |
r-release-macos-arm64 | 0.42.13 | 194.00 | NOTE | |||
r-release-macos-x86_64 | 0.42.13 | 251.00 | NOTE | |||
r-release-windows-x86_64 | 0.42.13 | 454.00 | 290.00 | 744.00 | NOTE | |
r-oldrel-macos-arm64 | 0.42.13 | 172.00 | NOTE | |||
r-oldrel-macos-x86_64 | 0.42.13 | 239.00 | NOTE | |||
r-oldrel-windows-ix86+x86_64 | 0.42.13 | 1405.00 | 376.00 | 1781.00 | NOTE |
Version: 0.42.13
Check: installed package size
Result: NOTE
installed size is 35.9Mb
sub-directories of 1Mb or more:
data 1.4Mb
doc 4.4Mb
extdata 1.1Mb
include 3.0Mb
libs 25.4Mb
Flavors: r-devel-linux-x86_64-fedora-clang, r-devel-windows-x86_64, r-release-macos-arm64, r-release-macos-x86_64, r-release-windows-x86_64, r-oldrel-macos-arm64, r-oldrel-macos-x86_64, r-oldrel-windows-ix86+x86_64