CRAN Package Check Results for Package image.dlib

Last updated on 2022-08-12 06:49:22 CEST.

Flavor Version Tinstall Tcheck Ttotal Status Flags
r-devel-linux-x86_64-debian-clang 0.1.0 61.12 30.85 91.97 OK
r-devel-linux-x86_64-debian-gcc 0.1.0 52.22 23.06 75.28 OK
r-devel-linux-x86_64-fedora-clang 0.1.0 151.01 NOTE
r-devel-linux-x86_64-fedora-gcc 0.1.0 139.97 OK
r-devel-windows-x86_64 0.1.0 1021.00 87.00 1108.00 NOTE
r-patched-linux-x86_64 0.1.0 57.07 29.36 86.43 OK
r-release-linux-x86_64 0.1.0 59.33 29.08 88.41 OK
r-release-macos-arm64 0.1.0 37.00 NOTE
r-release-macos-x86_64 0.1.0 52.00 NOTE
r-release-windows-x86_64 0.1.0 1101.00 90.00 1191.00 NOTE
r-oldrel-macos-arm64 0.1.0 43.00 NOTE
r-oldrel-macos-x86_64 0.1.0 75.00 NOTE
r-oldrel-windows-ix86+x86_64 0.1.0 178.00 95.00 273.00 NOTE

Check Details

Version: 0.1.0
Check: installed package size
Result: NOTE
     installed size is 13.0Mb
     sub-directories of 1Mb or more:
     dlib-19.20 9.3Mb
     libs 3.1Mb
Flavors: r-devel-linux-x86_64-fedora-clang, r-devel-windows-x86_64, r-release-macos-arm64, r-release-macos-x86_64, r-release-windows-x86_64, r-oldrel-macos-arm64, r-oldrel-macos-x86_64, r-oldrel-windows-ix86+x86_64