CRAN Package Check Results for Package iheiddown

Last updated on 2022-01-18 06:52:49 CET.

Flavor Version Tinstall Tcheck Ttotal Status Flags
r-devel-linux-x86_64-debian-clang 0.8.6 12.29 119.86 132.15 OK
r-devel-linux-x86_64-debian-gcc 0.8.6 10.78 92.52 103.30 OK
r-devel-linux-x86_64-fedora-clang 0.8.6 157.62 NOTE
r-devel-linux-x86_64-fedora-gcc 0.8.6 146.10 NOTE
r-devel-windows-x86_64-new-UL 0.8.6 323.00 153.00 476.00 OK
r-devel-windows-x86_64-new-TK 0.8.6 NOTE
r-patched-linux-x86_64 0.8.6 10.65 126.62 137.27 OK
r-release-linux-x86_64 0.8.6 OK
r-release-macos-arm64 0.8.6 NOTE
r-release-macos-x86_64 0.8.6 NOTE
r-release-windows-ix86+x86_64 0.8.6 29.00 155.00 184.00 OK
r-oldrel-macos-x86_64 0.8.6 NOTE
r-oldrel-windows-ix86+x86_64 0.8.6 30.00 154.00 184.00 OK

Check Details

Version: 0.8.6
Check: dependencies in R code
Result: NOTE
    Namespace in Imports field not imported from: ‘remotes’
     All declared Imports should be used.
Flavors: r-devel-linux-x86_64-fedora-clang, r-devel-linux-x86_64-fedora-gcc, r-devel-windows-x86_64-new-TK, r-release-macos-arm64, r-release-macos-x86_64, r-oldrel-macos-x86_64