CRAN Package Check Results for Package ifaTools

Last updated on 2022-07-01 07:51:45 CEST.

Flavor Version Tinstall Tcheck Ttotal Status Flags
r-devel-linux-x86_64-debian-clang 0.23 14.56 133.31 147.87 OK --no-tests --no-vignettes
r-devel-linux-x86_64-debian-gcc 0.23 12.66 100.61 113.27 OK --no-tests --no-vignettes
r-devel-linux-x86_64-fedora-clang 0.23 1419.82 OK
r-devel-linux-x86_64-fedora-gcc 0.23 2063.09 OK
r-devel-windows-x86_64 0.23 37.00 1478.00 1515.00 OK
r-patched-linux-x86_64 0.23 13.50 124.58 138.08 OK --no-tests --no-vignettes
r-release-linux-x86_64 0.23 13.68 126.02 139.70 OK --no-tests --no-vignettes
r-release-macos-arm64 0.23 259.00 OK
r-release-macos-x86_64 0.23 576.00 OK
r-release-windows-x86_64 0.23 21.00 0.00 21.00 FAIL
r-oldrel-macos-arm64 0.23 219.00 OK
r-oldrel-macos-x86_64 0.23 211.00 OK
r-oldrel-windows-ix86+x86_64 0.23 35.00 1430.00 1465.00 OK

Check Details

Version: 0.23
Check: re-building of vignette outputs
Result: FAIL
    Check process probably crashed or hung up for 20 minutes ... killed
    Most likely this happened in the example checks (?),
    if not, ignore the following last lines of example output:
    > model <- univariatePrior("logit-norm", "x1", -1)
    > model$priorParam$values[1,1] <- -.6
    > model <- mxRun(model)
    Running univariatePrior with 1 parameter
    > model$output$fit
    [1] 0.4515827
    > model$output$gradient
    x1
     0
    > model$output$hessian
     x1
    x1 8
    >
    >
    >
    > ### * <FOOTER>
    > ###
    > cleanEx()
    > options(digits = 7L)
    > base::cat("Time elapsed: ", proc.time() - base::get("ptime", pos = 'CheckExEnv'),"\n")
    Time elapsed: 8.35 0.52 8.86 NA NA
    > grDevices::dev.off()
    null device
     1
    > ###
    > ### Local variables: ***
    > ### mode: outline-minor ***
    > ### outline-regexp: "\\(> \\)?### [*]+" ***
    > ### End: ***
    > quit('no')
    ======== End of example output (where/before crash/hang up occured ?) ========
Flavor: r-release-windows-x86_64