CRAN Package Check Results for Package icesTAF

Last updated on 2022-05-24 07:52:22 CEST.

Flavor Version Tinstall Tcheck Ttotal Status Flags
r-devel-linux-x86_64-debian-clang 3.6.0 7.82 59.16 66.98 OK
r-devel-linux-x86_64-debian-gcc 3.6.0 4.67 45.68 50.35 OK
r-devel-linux-x86_64-fedora-clang 3.6.0 82.87 NOTE
r-devel-linux-x86_64-fedora-gcc 3.6.0 77.80 OK
r-devel-windows-x86_64 3.6.0 46.00 81.00 127.00 OK
r-patched-linux-x86_64 3.6.0 8.33 57.05 65.38 OK
r-release-linux-x86_64 3.6.0 OK
r-release-macos-arm64 3.6.0 23.00 OK
r-release-macos-x86_64 3.6.0 36.00 OK
r-release-windows-x86_64 3.6.0 40.00 83.00 123.00 OK
r-oldrel-macos-arm64 3.6.0 31.00 OK
r-oldrel-macos-x86_64 3.6.0 45.00 OK
r-oldrel-windows-ix86+x86_64 3.6.0 15.00 77.00 92.00 OK

Check Details

Version: 3.6.0
Check: Rd cross-references
Result: NOTE
    Undeclared package ‘icesAdvice’ in Rd xrefs
Flavor: r-devel-linux-x86_64-fedora-clang