CRAN Package Check Results for Package ibmAcousticR

Last updated on 2022-08-12 06:49:22 CEST.

Flavor Version Tinstall Tcheck Ttotal Status Flags
r-devel-linux-x86_64-debian-clang 0.2.1 2.63 31.72 34.35 NOTE
r-devel-linux-x86_64-debian-gcc 0.2.1 2.60 24.45 27.05 NOTE
r-devel-linux-x86_64-fedora-clang 0.2.1 51.58 NOTE
r-devel-linux-x86_64-fedora-gcc 0.2.1 51.10 NOTE
r-devel-windows-x86_64 0.2.1 15.00 57.00 72.00 NOTE
r-patched-linux-x86_64 0.2.1 3.09 31.03 34.12 NOTE
r-release-linux-x86_64 0.2.1 3.30 30.33 33.63 NOTE
r-release-macos-arm64 0.2.1 19.00 NOTE
r-release-macos-x86_64 0.2.1 24.00 NOTE
r-release-windows-x86_64 0.2.1 19.00 57.00 76.00 NOTE
r-oldrel-macos-arm64 0.2.1 20.00 NOTE
r-oldrel-macos-x86_64 0.2.1 30.00 NOTE
r-oldrel-windows-ix86+x86_64 0.2.1 8.00 48.00 56.00 NOTE

Check Details

Version: 0.2.1
Check: LazyData
Result: NOTE
     'LazyData' is specified without a 'data' directory
Flavors: r-devel-linux-x86_64-debian-clang, r-devel-linux-x86_64-debian-gcc, r-devel-linux-x86_64-fedora-clang, r-devel-linux-x86_64-fedora-gcc, r-devel-windows-x86_64, r-patched-linux-x86_64, r-release-linux-x86_64, r-release-macos-arm64, r-release-macos-x86_64, r-release-windows-x86_64, r-oldrel-macos-arm64, r-oldrel-macos-x86_64, r-oldrel-windows-ix86+x86_64