Last updated on 2022-07-06 07:49:00 CEST.
Flavor | Version | Tinstall | Tcheck | Ttotal | Status | Flags |
---|---|---|---|---|---|---|
r-devel-linux-x86_64-debian-clang | 1.6.5 | 44.44 | 198.48 | 242.92 | OK | |
r-devel-linux-x86_64-debian-gcc | 1.6.5 | 34.61 | 145.47 | 180.08 | OK | |
r-devel-linux-x86_64-fedora-clang | 1.6.5 | 301.25 | NOTE | |||
r-devel-linux-x86_64-fedora-gcc | 1.6.5 | 294.25 | OK | |||
r-devel-windows-x86_64 | 1.6.5 | 71.00 | 225.00 | 296.00 | OK | |
r-patched-linux-x86_64 | 1.6.5 | 44.34 | 185.03 | 229.37 | OK | |
r-release-linux-x86_64 | 1.6.5 | 43.58 | 189.07 | 232.65 | OK | |
r-release-macos-arm64 | 1.6.5 | 73.00 | OK | |||
r-release-macos-x86_64 | 1.6.5 | 130.00 | OK | |||
r-release-windows-x86_64 | 1.6.5 | 62.00 | 217.00 | 279.00 | OK | |
r-oldrel-macos-arm64 | 1.6.5 | 82.00 | OK | |||
r-oldrel-macos-x86_64 | 1.6.5 | 103.00 | OK | |||
r-oldrel-windows-ix86+x86_64 | 1.6.5 | 100.00 | 271.00 | 371.00 | OK |
Version: 1.6.5
Check: package dependencies
Result: NOTE
Imports includes 26 non-default packages.
Importing from so many packages makes the package vulnerable to any of
them becoming unavailable. Move as many as possible to Suggests and
use conditionally.
Flavor: r-devel-linux-x86_64-fedora-clang