Last updated on 2022-07-05 07:50:57 CEST.
Flavor | Version | Tinstall | Tcheck | Ttotal | Status | Flags |
---|---|---|---|---|---|---|
r-devel-linux-x86_64-debian-clang | 3.0.4 | 83.41 | 501.85 | 585.26 | OK | |
r-devel-linux-x86_64-debian-gcc | 3.0.4 | 69.16 | 368.08 | 437.24 | OK | |
r-devel-linux-x86_64-fedora-clang | 3.0.4 | 698.55 | NOTE | |||
r-devel-linux-x86_64-fedora-gcc | 3.0.4 | 694.51 | OK | |||
r-devel-windows-x86_64 | 3.0.4 | 221.00 | 551.00 | 772.00 | OK | |
r-patched-linux-x86_64 | 3.0.4 | 81.36 | 477.92 | 559.28 | OK | |
r-release-linux-x86_64 | 3.0.4 | 66.13 | 477.57 | 543.70 | OK | |
r-release-macos-arm64 | 3.0.4 | 173.00 | OK | |||
r-release-macos-x86_64 | 3.0.4 | 246.00 | OK | |||
r-release-windows-x86_64 | 3.0.4 | 127.00 | 521.00 | 648.00 | OK | |
r-oldrel-macos-arm64 | 3.0.4 | 163.00 | OK | |||
r-oldrel-macos-x86_64 | 3.0.4 | 240.00 | OK | |||
r-oldrel-windows-ix86+x86_64 | 3.0.4 | 191.00 | 707.00 | 898.00 | OK |
Version: 3.0.4
Check: package dependencies
Result: NOTE
Imports includes 22 non-default packages.
Importing from so many packages makes the package vulnerable to any of
them becoming unavailable. Move as many as possible to Suggests and
use conditionally.
Flavor: r-devel-linux-x86_64-fedora-clang