CRAN Package Check Results for Package hypergate

Last updated on 2022-01-27 06:48:36 CET.

Flavor Version Tinstall Tcheck Ttotal Status Flags
r-devel-linux-x86_64-debian-clang 0.8.3 3.72 62.39 66.11 OK
r-devel-linux-x86_64-debian-gcc 0.8.3 2.46 46.33 48.79 OK
r-devel-linux-x86_64-fedora-clang 0.8.3 79.93 NOTE
r-devel-linux-x86_64-fedora-gcc 0.8.3 66.85 NOTE
r-devel-windows-x86_64-new-UL 0.8.3 56.00 78.00 134.00 OK
r-devel-windows-x86_64-new-TK 0.8.3 NOTE
r-patched-linux-x86_64 0.8.3 3.56 59.69 63.25 OK
r-release-linux-x86_64 0.8.3 2.95 59.39 62.34 NOTE
r-release-macos-arm64 0.8.3 OK
r-release-macos-x86_64 0.8.3 OK
r-release-windows-ix86+x86_64 0.8.3 7.00 74.00 81.00 OK
r-oldrel-macos-x86_64 0.8.3 OK
r-oldrel-windows-ix86+x86_64 0.8.3 8.00 71.00 79.00 OK

Check Details

Version: 0.8.3
Check: package dependencies
Result: NOTE
    Package suggested but not available for checking: ‘flowCore’
Flavors: r-devel-linux-x86_64-fedora-clang, r-devel-linux-x86_64-fedora-gcc, r-devel-windows-x86_64-new-TK, r-release-linux-x86_64