CRAN Package Check Results for Package hybridEnsemble

Last updated on 2022-07-05 07:50:57 CEST.

Flavor Version Tinstall Tcheck Ttotal Status Flags
r-devel-linux-x86_64-debian-clang 1.7.8 14.36 114.47 128.83 OK
r-devel-linux-x86_64-debian-gcc 1.7.8 12.46 85.86 98.32 OK
r-devel-linux-x86_64-fedora-clang 1.7.8 162.25 WARN
r-devel-linux-x86_64-fedora-gcc 1.7.8 160.42 WARN
r-devel-windows-x86_64 1.7.8 37.00 129.00 166.00 OK
r-patched-linux-x86_64 1.7.8 13.66 107.04 120.70 OK
r-release-linux-x86_64 1.7.8 13.01 107.67 120.68 OK
r-release-macos-arm64 1.7.8 44.00 OK
r-release-macos-x86_64 1.7.8 65.00 OK
r-release-windows-x86_64 1.7.8 49.00 132.00 181.00 OK
r-oldrel-macos-arm64 1.7.8 40.00 OK
r-oldrel-macos-x86_64 1.7.8 62.00 OK
r-oldrel-windows-ix86+x86_64 1.7.8 30.00 128.00 158.00 OK

Check Details

Version: 1.7.8
Check: package dependencies
Result: WARN
    Imports includes 23 non-default packages.
    Importing from so many packages makes the package vulnerable to any of
    them becoming unavailable. Move as many as possible to Suggests and
    use conditionally.
    
    Requires (indirectly) orphaned package: ‘gtools’
Flavor: r-devel-linux-x86_64-fedora-clang

Version: 1.7.8
Check: package dependencies
Result: WARN
    Requires (indirectly) orphaned package: ‘gtools’
Flavor: r-devel-linux-x86_64-fedora-gcc