CRAN Package Check Results for Package hwsdr

Last updated on 2022-05-16 06:52:26 CEST.

Flavor Version Tinstall Tcheck Ttotal Status Flags
r-devel-linux-x86_64-debian-clang 1.0 2.20 59.18 61.38 OK
r-devel-linux-x86_64-debian-gcc 1.0 1.79 45.07 46.86 OK
r-devel-linux-x86_64-fedora-clang 1.0 76.53 NOTE
r-devel-linux-x86_64-fedora-gcc 1.0 72.36 NOTE
r-devel-windows-x86_64 1.0 11.00 76.00 87.00 OK
r-patched-linux-x86_64 1.0 2.28 57.75 60.03 OK
r-release-linux-x86_64 1.0 1.96 57.25 59.21 OK
r-release-macos-arm64 1.0 23.00 NOTE
r-release-macos-x86_64 1.0 32.00 NOTE
r-release-windows-x86_64 1.0 12.00 77.00 89.00 OK
r-oldrel-macos-arm64 1.0 25.00 NOTE
r-oldrel-macos-x86_64 1.0 26.00 NOTE
r-oldrel-windows-ix86+x86_64 1.0 9.00 72.00 81.00 OK

Check Details

Version: 1.0
Check: data for non-ASCII characters
Result: NOTE
     Note: found 1 marked UTF-8 string
Flavors: r-devel-linux-x86_64-fedora-clang, r-devel-linux-x86_64-fedora-gcc, r-release-macos-arm64, r-release-macos-x86_64, r-oldrel-macos-arm64, r-oldrel-macos-x86_64