Last updated on 2022-06-30 07:50:13 CEST.
Flavor | Version | Tinstall | Tcheck | Ttotal | Status | Flags |
---|---|---|---|---|---|---|
r-devel-linux-x86_64-debian-clang | 0.6.0 | 45.59 | 33.23 | 78.82 | NOTE | |
r-devel-linux-x86_64-debian-gcc | 0.6.0 | 35.97 | 25.95 | 61.92 | NOTE | |
r-devel-linux-x86_64-fedora-clang | 0.6.0 | 122.18 | NOTE | |||
r-devel-linux-x86_64-fedora-gcc | 0.6.0 | 107.69 | NOTE | |||
r-devel-windows-x86_64 | 0.6.0 | 62.00 | 81.00 | 143.00 | NOTE | |
r-patched-linux-x86_64 | 0.6.0 | 38.99 | 32.23 | 71.22 | NOTE | |
r-release-linux-x86_64 | 0.6.0 | 36.12 | 32.45 | 68.57 | NOTE | |
r-release-macos-arm64 | 0.6.0 | 31.00 | NOTE | |||
r-release-macos-x86_64 | 0.6.0 | 44.00 | NOTE | |||
r-release-windows-x86_64 | 0.6.0 | 50.00 | 80.00 | 130.00 | NOTE | |
r-oldrel-macos-arm64 | 0.6.0 | 38.00 | NOTE | |||
r-oldrel-macos-x86_64 | 0.6.0 | 59.00 | NOTE | |||
r-oldrel-windows-ix86+x86_64 | 0.6.0 | 106.00 | 80.00 | 186.00 | NOTE |
Version: 0.6.0
Check: LazyData
Result: NOTE
'LazyData' is specified without a 'data' directory
Flavors: r-devel-linux-x86_64-debian-clang, r-devel-linux-x86_64-debian-gcc, r-devel-linux-x86_64-fedora-clang, r-devel-linux-x86_64-fedora-gcc, r-devel-windows-x86_64, r-patched-linux-x86_64, r-release-linux-x86_64, r-release-macos-arm64, r-release-macos-x86_64, r-release-windows-x86_64, r-oldrel-macos-arm64, r-oldrel-macos-x86_64, r-oldrel-windows-ix86+x86_64
Version: 0.6.0
Check: compiled code
Result: NOTE
File ‘humaniformat/libs/humaniformat.so’:
Found no calls to: ‘R_registerRoutines’, ‘R_useDynamicSymbols’
It is good practice to register native routines and to disable symbol
search.
See ‘Writing portable packages’ in the ‘Writing R Extensions’ manual.
Flavors: r-devel-linux-x86_64-fedora-clang, r-devel-linux-x86_64-fedora-gcc