CRAN Package Check Results for Package humanFormat

Last updated on 2022-08-12 06:49:22 CEST.

Flavor Version Tinstall Tcheck Ttotal Status Flags
r-devel-linux-x86_64-debian-clang 1.2 3.07 30.55 33.62 OK
r-devel-linux-x86_64-debian-gcc 1.2 2.40 24.22 26.62 OK
r-devel-linux-x86_64-fedora-clang 1.2 52.07 OK
r-devel-linux-x86_64-fedora-gcc 1.2 50.90 OK
r-devel-windows-x86_64 1.2 9.00 61.00 70.00 OK
r-patched-linux-x86_64 1.2 2.21 29.43 31.64 OK
r-release-linux-x86_64 1.2 1.92 29.99 31.91 OK
r-release-macos-arm64 1.0 17.00 NOTE
r-release-macos-x86_64 1.2 27.00 OK
r-release-windows-x86_64 1.2 12.00 62.00 74.00 OK
r-oldrel-macos-arm64 1.0 39.00 NOTE
r-oldrel-macos-x86_64 1.2 27.00 OK
r-oldrel-windows-ix86+x86_64 1.2 8.00 49.00 57.00 OK

Check Details

Version: 1.0
Check: dependencies in R code
Result: NOTE
    Package in Depends field not imported from: ‘testthat’
     These packages need to be imported from (in the NAMESPACE file)
     for when this namespace is loaded but not attached.
Flavors: r-release-macos-arm64, r-oldrel-macos-arm64