CRAN Package Check Results for Package hues

Last updated on 2022-07-02 07:07:01 CEST.

Flavor Version Tinstall Tcheck Ttotal Status Flags
r-devel-linux-x86_64-debian-clang 0.2.0 2.68 31.02 33.70 NOTE
r-devel-linux-x86_64-debian-gcc 0.2.0 1.71 24.00 25.71 NOTE
r-devel-linux-x86_64-fedora-clang 0.2.0 50.54 NOTE
r-devel-linux-x86_64-fedora-gcc 0.2.0 50.33 NOTE
r-devel-windows-x86_64 0.2.0 10.00 72.00 82.00 NOTE
r-patched-linux-x86_64 0.2.0 2.64 30.10 32.74 NOTE
r-release-linux-x86_64 0.2.0 2.14 29.78 31.92 NOTE
r-release-macos-arm64 0.2.0 18.00 NOTE
r-release-macos-x86_64 0.2.0 25.00 NOTE
r-release-windows-x86_64 0.2.0 13.00 56.00 69.00 NOTE
r-oldrel-macos-arm64 0.2.0 21.00 NOTE
r-oldrel-macos-x86_64 0.2.0 46.00 NOTE
r-oldrel-windows-ix86+x86_64 0.2.0 7.00 53.00 60.00 NOTE

Check Details

Version: 0.2.0
Check: LazyData
Result: NOTE
     'LazyData' is specified without a 'data' directory
Flavors: r-devel-linux-x86_64-debian-clang, r-devel-linux-x86_64-debian-gcc, r-devel-linux-x86_64-fedora-clang, r-devel-linux-x86_64-fedora-gcc, r-devel-windows-x86_64, r-patched-linux-x86_64, r-release-linux-x86_64, r-release-macos-arm64, r-release-macos-x86_64, r-release-windows-x86_64, r-oldrel-macos-arm64, r-oldrel-macos-x86_64, r-oldrel-windows-ix86+x86_64