CRAN Package Check Results for Package holodeck

Last updated on 2022-01-23 07:14:02 CET.

Flavor Version Tinstall Tcheck Ttotal Status Flags
r-devel-linux-x86_64-debian-clang 0.2.1 3.69 103.17 106.86 NOTE
r-devel-linux-x86_64-debian-gcc 0.2.1 3.68 82.28 85.96 NOTE
r-devel-linux-x86_64-fedora-clang 0.2.1 124.77 NOTE
r-devel-linux-x86_64-fedora-gcc 0.2.1 114.89 NOTE
r-devel-windows-x86_64-new-UL 0.2.1 29.00 124.00 153.00 NOTE
r-devel-windows-x86_64-new-TK 0.2.1 NOTE
r-patched-linux-x86_64 0.2.1 3.07 96.95 100.02 NOTE
r-release-linux-x86_64 0.2.1 4.18 97.44 101.62 NOTE
r-release-macos-arm64 0.2.1 NOTE
r-release-macos-x86_64 0.2.1 NOTE
r-release-windows-ix86+x86_64 0.2.1 11.00 116.00 127.00 NOTE
r-oldrel-macos-x86_64 0.2.1 OK
r-oldrel-windows-ix86+x86_64 0.2.1 12.00 124.00 136.00 OK

Check Details

Version: 0.2.1
Check: LazyData
Result: NOTE
     'LazyData' is specified without a 'data' directory
Flavors: r-devel-linux-x86_64-debian-clang, r-devel-linux-x86_64-debian-gcc, r-devel-linux-x86_64-fedora-clang, r-devel-linux-x86_64-fedora-gcc, r-devel-windows-x86_64-new-UL, r-devel-windows-x86_64-new-TK, r-patched-linux-x86_64, r-release-linux-x86_64, r-release-macos-arm64, r-release-macos-x86_64, r-release-windows-ix86+x86_64