CRAN Package Check Results for Package hit

Last updated on 2022-08-19 06:52:25 CEST.

Flavor Version Tinstall Tcheck Ttotal Status Flags
r-devel-linux-x86_64-debian-clang 0.4.0 26.82 103.95 130.77 OK
r-devel-linux-x86_64-debian-gcc 0.4.0 22.92 78.37 101.29 OK
r-devel-linux-x86_64-fedora-clang 0.4.0 173.88 NOTE
r-devel-linux-x86_64-fedora-gcc 0.4.0 163.90 NOTE
r-devel-windows-x86_64 0.4.0 28.00 153.00 181.00 OK
r-patched-linux-x86_64 0.4.0 25.38 96.67 122.05 OK
r-release-linux-x86_64 0.4.0 OK
r-release-macos-arm64 0.4.0 45.00 OK
r-release-macos-x86_64 0.4.0 63.00 OK
r-release-windows-x86_64 0.4.0 27.00 150.00 177.00 OK
r-oldrel-macos-arm64 0.4.0 49.00 OK
r-oldrel-macos-x86_64 0.4.0 70.00 OK
r-oldrel-windows-ix86+x86_64 0.4.0 65.00 194.00 259.00 OK

Check Details

Version: 0.4.0
Check: compiled code
Result: NOTE
    File ‘hit/libs/hit.so’:
     Found no calls to: ‘R_registerRoutines’, ‘R_useDynamicSymbols’
    
    It is good practice to register native routines and to disable symbol
    search.
    
    See ‘Writing portable packages’ in the ‘Writing R Extensions’ manual.
Flavors: r-devel-linux-x86_64-fedora-clang, r-devel-linux-x86_64-fedora-gcc