Last updated on 2022-05-18 06:50:43 CEST.
Flavor | Version | Tinstall | Tcheck | Ttotal | Status | Flags |
---|---|---|---|---|---|---|
r-devel-linux-x86_64-debian-clang | 0.2.2 | 139.98 | 59.54 | 199.52 | NOTE | |
r-devel-linux-x86_64-debian-gcc | 0.2.2 | 116.27 | 44.87 | 161.14 | NOTE | |
r-devel-linux-x86_64-fedora-clang | 0.2.2 | 296.56 | NOTE | |||
r-devel-linux-x86_64-fedora-gcc | 0.2.2 | 269.22 | NOTE | |||
r-devel-windows-x86_64 | 0.2.2 | 135.00 | 100.00 | 235.00 | NOTE | |
r-patched-linux-x86_64 | 0.2.2 | 126.88 | 55.78 | 182.66 | NOTE | |
r-release-linux-x86_64 | 0.2.2 | 131.91 | 56.82 | 188.73 | NOTE | |
r-release-macos-arm64 | 0.2.2 | 63.00 | NOTE | |||
r-release-macos-x86_64 | 0.2.2 | 91.00 | NOTE | |||
r-release-windows-x86_64 | 0.2.2 | 129.00 | 97.00 | 226.00 | NOTE | |
r-oldrel-macos-arm64 | 0.2.2 | 74.00 | NOTE | |||
r-oldrel-macos-x86_64 | 0.2.2 | 103.00 | NOTE | |||
r-oldrel-windows-ix86+x86_64 | 0.2.2 | 402.00 | 109.00 | 511.00 | NOTE |
Version: 0.2.2
Check: LazyData
Result: NOTE
'LazyData' is specified without a 'data' directory
Flavors: r-devel-linux-x86_64-debian-clang, r-devel-linux-x86_64-debian-gcc, r-devel-linux-x86_64-fedora-clang, r-devel-linux-x86_64-fedora-gcc, r-devel-windows-x86_64, r-patched-linux-x86_64, r-release-linux-x86_64, r-release-macos-arm64, r-release-macos-x86_64, r-release-windows-x86_64, r-oldrel-macos-arm64, r-oldrel-macos-x86_64, r-oldrel-windows-ix86+x86_64
Version: 0.2.2
Check: installed package size
Result: NOTE
installed size is 5.1Mb
sub-directories of 1Mb or more:
libs 4.7Mb
Flavors: r-release-macos-arm64, r-oldrel-macos-arm64