CRAN Package Check Results for Package hillR

Last updated on 2022-07-07 06:49:55 CEST.

Flavor Version Tinstall Tcheck Ttotal Status Flags
r-devel-linux-x86_64-debian-clang 0.5.1 2.90 44.37 47.27 NOTE
r-devel-linux-x86_64-debian-gcc 0.5.1 2.92 34.09 37.01 NOTE
r-devel-linux-x86_64-fedora-clang 0.5.1 67.32 NOTE
r-devel-linux-x86_64-fedora-gcc 0.5.1 66.82 NOTE
r-devel-windows-x86_64 0.5.1 10.00 73.00 83.00 NOTE
r-patched-linux-x86_64 0.5.1 2.91 43.15 46.06 NOTE
r-release-linux-x86_64 0.5.1 2.94 42.01 44.95 NOTE
r-release-macos-arm64 0.5.1 19.00 NOTE
r-release-macos-x86_64 0.5.1 29.00 NOTE
r-release-windows-x86_64 0.5.1 11.00 73.00 84.00 NOTE
r-oldrel-macos-arm64 0.5.1 25.00 NOTE
r-oldrel-macos-x86_64 0.5.1 32.00 NOTE
r-oldrel-windows-ix86+x86_64 0.5.1 8.00 68.00 76.00 NOTE

Check Details

Version: 0.5.1
Check: LazyData
Result: NOTE
     'LazyData' is specified without a 'data' directory
Flavors: r-devel-linux-x86_64-debian-clang, r-devel-linux-x86_64-debian-gcc, r-devel-linux-x86_64-fedora-clang, r-devel-linux-x86_64-fedora-gcc, r-devel-windows-x86_64, r-patched-linux-x86_64, r-release-linux-x86_64, r-release-macos-arm64, r-release-macos-x86_64, r-release-windows-x86_64, r-oldrel-macos-arm64, r-oldrel-macos-x86_64, r-oldrel-windows-ix86+x86_64