CRAN Package Check Results for Package hilbertSimilarity

Last updated on 2022-05-15 07:54:28 CEST.

Flavor Version Tinstall Tcheck Ttotal Status Flags
r-devel-linux-x86_64-debian-clang 0.4.3 20.70 193.16 213.86 NOTE
r-devel-linux-x86_64-debian-gcc 0.4.3 14.11 149.54 163.65 NOTE
r-devel-linux-x86_64-fedora-clang 0.4.3 262.43 NOTE
r-devel-linux-x86_64-fedora-gcc 0.4.3 272.70 NOTE
r-devel-windows-x86_64 0.4.3 82.00 250.00 332.00 NOTE
r-patched-linux-x86_64 0.4.3 16.33 190.54 206.87 NOTE
r-release-linux-x86_64 0.4.3 20.08 196.21 216.29 NOTE
r-release-macos-arm64 0.4.3 57.00 NOTE
r-release-macos-x86_64 0.4.3 84.00 NOTE
r-release-windows-x86_64 0.4.3 62.00 250.00 312.00 NOTE
r-oldrel-macos-arm64 0.4.3 74.00 NOTE
r-oldrel-macos-x86_64 0.4.3 168.00 NOTE
r-oldrel-windows-ix86+x86_64 0.4.3 46.00 257.00 303.00 NOTE

Check Details

Version: 0.4.3
Check: LazyData
Result: NOTE
     'LazyData' is specified without a 'data' directory
Flavors: r-devel-linux-x86_64-debian-clang, r-devel-linux-x86_64-debian-gcc, r-devel-linux-x86_64-fedora-clang, r-devel-linux-x86_64-fedora-gcc, r-devel-windows-x86_64, r-patched-linux-x86_64, r-release-linux-x86_64, r-release-macos-arm64, r-release-macos-x86_64, r-release-windows-x86_64, r-oldrel-macos-arm64, r-oldrel-macos-x86_64, r-oldrel-windows-ix86+x86_64