Last updated on 2022-07-07 06:49:55 CEST.
Flavor | Version | Tinstall | Tcheck | Ttotal | Status | Flags |
---|---|---|---|---|---|---|
r-devel-linux-x86_64-debian-clang | 1.4.7 | 18.68 | 174.53 | 193.21 | NOTE | |
r-devel-linux-x86_64-debian-gcc | 1.4.7 | 14.54 | 126.20 | 140.74 | NOTE | |
r-devel-linux-x86_64-fedora-clang | 1.4.7 | 250.82 | OK | |||
r-devel-linux-x86_64-fedora-gcc | 1.4.7 | 256.21 | OK | |||
r-devel-windows-x86_64 | 1.4.7 | 69.00 | 196.00 | 265.00 | NOTE | |
r-patched-linux-x86_64 | 1.4.7 | 14.56 | 164.15 | 178.71 | NOTE | |
r-release-linux-x86_64 | 1.4.7 | 11.25 | 163.65 | 174.90 | NOTE | |
r-release-macos-arm64 | 1.4.7 | 63.00 | NOTE | |||
r-release-macos-x86_64 | 1.4.7 | 105.00 | NOTE | |||
r-release-windows-x86_64 | 1.4.7 | 52.00 | 194.00 | 246.00 | NOTE | |
r-oldrel-macos-arm64 | 1.4.7 | 61.00 | NOTE | |||
r-oldrel-macos-x86_64 | 1.4.7 | 83.00 | NOTE | |||
r-oldrel-windows-ix86+x86_64 | 1.4.7 | 42.00 | 183.00 | 225.00 | OK |
Version: 1.4.7
Check: package dependencies
Result: NOTE
Package suggested but not available for checking: 'INLA'
Flavors: r-devel-linux-x86_64-debian-clang, r-devel-linux-x86_64-debian-gcc, r-devel-windows-x86_64, r-patched-linux-x86_64, r-release-linux-x86_64, r-release-macos-arm64, r-release-macos-x86_64, r-release-windows-x86_64, r-oldrel-macos-arm64, r-oldrel-macos-x86_64