Last updated on 2022-07-05 07:50:57 CEST.
Flavor | Version | Tinstall | Tcheck | Ttotal | Status | Flags |
---|---|---|---|---|---|---|
r-devel-linux-x86_64-debian-clang | 0.9.4 | 123.61 | 265.67 | 389.28 | OK | |
r-devel-linux-x86_64-debian-gcc | 0.9.4 | 102.20 | 204.32 | 306.52 | OK | |
r-devel-linux-x86_64-fedora-clang | 0.9.4 | 466.33 | NOTE | |||
r-devel-linux-x86_64-fedora-gcc | 0.9.4 | 425.04 | OK | |||
r-devel-windows-x86_64 | 0.9.4 | 218.00 | 281.00 | 499.00 | OK | |
r-patched-linux-x86_64 | 0.9.4 | 111.81 | 224.33 | 336.14 | OK | |
r-release-linux-x86_64 | 0.9.4 | 99.23 | 225.68 | 324.91 | OK | |
r-release-macos-arm64 | 0.9.4 | 109.00 | NOTE | |||
r-release-macos-x86_64 | 0.9.4 | 159.00 | NOTE | |||
r-release-windows-x86_64 | 0.9.4 | 220.00 | 280.00 | 500.00 | OK | |
r-oldrel-macos-arm64 | 0.9.4 | 107.00 | NOTE | |||
r-oldrel-macos-x86_64 | 0.9.4 | 148.00 | NOTE | |||
r-oldrel-windows-ix86+x86_64 | 0.9.4 | 292.00 | 490.00 | 782.00 | NOTE |
Version: 0.9.4
Check: installed package size
Result: NOTE
installed size is 5.6Mb
sub-directories of 1Mb or more:
data 2.0Mb
libs 2.6Mb
Flavors: r-devel-linux-x86_64-fedora-clang, r-release-macos-arm64, r-release-macos-x86_64, r-oldrel-macos-arm64, r-oldrel-macos-x86_64, r-oldrel-windows-ix86+x86_64