CRAN Package Check Results for Package highcharter

Last updated on 2022-05-22 07:53:14 CEST.

Flavor Version Tinstall Tcheck Ttotal Status Flags
r-devel-linux-x86_64-debian-clang 0.9.4 14.80 150.53 165.33 OK
r-devel-linux-x86_64-debian-gcc 0.9.4 11.04 112.01 123.05 OK
r-devel-linux-x86_64-fedora-clang 0.9.4 190.69 NOTE
r-devel-linux-x86_64-fedora-gcc 0.9.4 198.83 NOTE
r-devel-windows-x86_64 0.9.4 285.00 282.00 567.00 OK
r-patched-linux-x86_64 0.9.4 12.32 142.07 154.39 OK
r-release-linux-x86_64 0.9.4 10.55 140.45 151.00 OK
r-release-macos-arm64 0.9.4 57.00 NOTE
r-release-macos-x86_64 0.9.4 111.00 NOTE
r-release-windows-x86_64 0.9.4 161.00 275.00 436.00 OK
r-oldrel-macos-arm64 0.9.4 53.00 NOTE
r-oldrel-macos-x86_64 0.9.4 77.00 NOTE
r-oldrel-windows-ix86+x86_64 0.9.4 32.00 193.00 225.00 OK

Check Details

Version: 0.9.4
Check: data for non-ASCII characters
Result: NOTE
     Note: found 11 marked UTF-8 strings
Flavors: r-devel-linux-x86_64-fedora-clang, r-devel-linux-x86_64-fedora-gcc, r-release-macos-arm64, r-release-macos-x86_64, r-oldrel-macos-arm64, r-oldrel-macos-x86_64