CRAN Package Check Results for Package hexbin

Last updated on 2022-07-05 07:50:57 CEST.

Flavor Version Tinstall Tcheck Ttotal Status Flags
r-devel-linux-x86_64-debian-clang 1.28.2 11.43 75.93 87.36 NOTE
r-devel-linux-x86_64-debian-gcc 1.28.2 7.33 57.91 65.24 NOTE
r-devel-linux-x86_64-fedora-clang 1.28.2 112.06 NOTE
r-devel-linux-x86_64-fedora-gcc 1.28.2 112.86 NOTE
r-devel-windows-x86_64 1.28.2 46.00 119.00 165.00 NOTE
r-patched-linux-x86_64 1.28.2 10.37 72.09 82.46 OK
r-release-linux-x86_64 1.28.2 10.02 70.25 80.27 OK
r-release-macos-arm64 1.28.2 39.00 NOTE
r-release-macos-x86_64 1.28.2 53.00 OK
r-release-windows-x86_64 1.28.2 50.00 113.00 163.00 OK
r-oldrel-macos-arm64 1.28.2 43.00 NOTE
r-oldrel-macos-x86_64 1.28.2 68.00 OK
r-oldrel-windows-ix86+x86_64 1.28.2 26.00 129.00 155.00 OK

Check Details

Version: 1.28.2
Check: Rd files
Result: NOTE
    checkRd: (-1) erode.hexbin.Rd:43: Escaped LaTeX specials: \_ \_ \_ \_ \_ \_ \_
Flavors: r-devel-linux-x86_64-debian-clang, r-devel-linux-x86_64-debian-gcc, r-devel-linux-x86_64-fedora-clang, r-devel-linux-x86_64-fedora-gcc, r-devel-windows-x86_64

Version: 1.28.2
Check: package dependencies
Result: NOTE
    Packages suggested but not available for checking:
     'marray', 'affy', 'Biobase', 'limma'
Flavor: r-release-macos-arm64

Version: 1.28.2
Check: Rd cross-references
Result: NOTE
    Package unavailable to check Rd xrefs: ‘limma’
Flavor: r-release-macos-arm64

Version: 1.28.2
Check: package dependencies
Result: NOTE
    Package suggested but not available for checking: ‘marray’
Flavor: r-oldrel-macos-arm64