CRAN Package Check Results for Package hexSticker

Last updated on 2022-06-30 07:50:12 CEST.

Flavor Version Tinstall Tcheck Ttotal Status Flags
r-devel-linux-x86_64-debian-clang 0.4.9 6.24 62.43 68.67 NOTE
r-devel-linux-x86_64-debian-gcc 0.4.9 5.77 47.48 53.25 NOTE
r-devel-linux-x86_64-fedora-clang 0.4.9 96.39 NOTE
r-devel-linux-x86_64-fedora-gcc 0.4.9 90.35 NOTE
r-devel-windows-x86_64 0.4.9 30.00 87.00 117.00 NOTE
r-patched-linux-x86_64 0.4.9 6.79 59.49 66.28 NOTE
r-release-linux-x86_64 0.4.9 5.89 59.90 65.79 NOTE
r-release-macos-arm64 0.4.9 29.00 NOTE
r-release-macos-x86_64 0.4.9 49.00 NOTE
r-release-windows-x86_64 0.4.9 34.00 89.00 123.00 NOTE
r-oldrel-macos-arm64 0.4.9 31.00 NOTE
r-oldrel-macos-x86_64 0.4.9 42.00 NOTE
r-oldrel-windows-ix86+x86_64 0.4.9 18.00 84.00 102.00 NOTE

Check Details

Version: 0.4.9
Check: LazyData
Result: NOTE
     'LazyData' is specified without a 'data' directory
Flavors: r-devel-linux-x86_64-debian-clang, r-devel-linux-x86_64-debian-gcc, r-devel-linux-x86_64-fedora-clang, r-devel-linux-x86_64-fedora-gcc, r-devel-windows-x86_64, r-patched-linux-x86_64, r-release-linux-x86_64, r-release-macos-arm64, r-release-macos-x86_64, r-release-windows-x86_64, r-oldrel-macos-arm64, r-oldrel-macos-x86_64, r-oldrel-windows-ix86+x86_64