CRAN Package Check Results for Package hdnom

Last updated on 2022-05-16 06:52:25 CEST.

Flavor Version Tinstall Tcheck Ttotal Status Flags
r-devel-linux-x86_64-debian-clang 6.0.0 0.97 11.92 12.89 ERROR
r-devel-linux-x86_64-debian-gcc 6.0.0 0.71 9.16 9.87 ERROR
r-devel-linux-x86_64-fedora-clang 6.0.0 12.96 ERROR
r-devel-linux-x86_64-fedora-gcc 6.0.0 12.58 ERROR
r-devel-windows-x86_64 6.0.0 58.00 250.00 308.00 OK
r-patched-linux-x86_64 6.0.0 21.01 212.30 233.31 OK
r-release-linux-x86_64 6.0.0 16.53 209.61 226.14 OK
r-release-macos-arm64 6.0.0 83.00 OK
r-release-macos-x86_64 6.0.0 144.00 OK
r-release-windows-x86_64 6.0.0 49.00 248.00 297.00 OK
r-oldrel-macos-arm64 6.0.0 115.00 OK
r-oldrel-macos-x86_64 6.0.0 138.00 OK
r-oldrel-windows-ix86+x86_64 6.0.0 37.00 250.00 287.00 OK

Check Details

Version: 6.0.0
Check: package dependencies
Result: ERROR
    Package required but not available: 'survAUC'
    
    See section 'The DESCRIPTION file' in the 'Writing R Extensions'
    manual.
Flavors: r-devel-linux-x86_64-debian-clang, r-devel-linux-x86_64-debian-gcc, r-devel-linux-x86_64-fedora-clang, r-devel-linux-x86_64-fedora-gcc