CRAN Package Check Results for Package hdiVAR

Last updated on 2022-01-23 07:14:01 CET.

Flavor Version Tinstall Tcheck Ttotal Status Flags
r-devel-linux-x86_64-debian-clang 1.0.1 2.31 36.58 38.89 NOTE
r-devel-linux-x86_64-debian-gcc 1.0.1 2.15 31.40 33.55 NOTE
r-devel-linux-x86_64-fedora-clang 1.0.1 49.20 NOTE
r-devel-linux-x86_64-fedora-gcc 1.0.1 38.00 NOTE
r-devel-windows-x86_64-new-UL 1.0.1 20.00 60.00 80.00 NOTE
r-devel-windows-x86_64-new-TK 1.0.1 NOTE
r-patched-linux-x86_64 1.0.1 2.82 34.42 37.24 NOTE
r-release-linux-x86_64 1.0.1 2.21 34.91 37.12 NOTE
r-release-macos-arm64 1.0.1 NOTE
r-release-macos-x86_64 1.0.1 NOTE
r-release-windows-ix86+x86_64 1.0.1 6.00 44.00 50.00 NOTE
r-oldrel-macos-x86_64 1.0.1 OK
r-oldrel-windows-ix86+x86_64 1.0.1 6.00 47.00 53.00 OK

Check Details

Version: 1.0.1
Check: LazyData
Result: NOTE
     'LazyData' is specified without a 'data' directory
Flavors: r-devel-linux-x86_64-debian-clang, r-devel-linux-x86_64-debian-gcc, r-devel-linux-x86_64-fedora-clang, r-devel-linux-x86_64-fedora-gcc, r-devel-windows-x86_64-new-UL, r-devel-windows-x86_64-new-TK, r-patched-linux-x86_64, r-release-linux-x86_64, r-release-macos-arm64, r-release-macos-x86_64, r-release-windows-ix86+x86_64