CRAN Package Check Results for Package gwpcormapper

Last updated on 2022-01-26 06:50:16 CET.

Flavor Version Tinstall Tcheck Ttotal Status Flags
r-devel-linux-x86_64-debian-clang 0.1.3 34.10 118.94 153.04 OK
r-devel-linux-x86_64-debian-gcc 0.1.3 24.44 88.65 113.09 OK
r-devel-linux-x86_64-fedora-clang 0.1.3 185.80 NOTE
r-devel-linux-x86_64-fedora-gcc 0.1.3 171.81 NOTE
r-devel-windows-x86_64-new-UL 0.1.3 62.00 145.00 207.00 OK
r-devel-windows-x86_64-new-TK 0.1.3 NOTE
r-patched-linux-x86_64 0.1.3 20.62 107.73 128.35 OK
r-release-linux-x86_64 0.1.3 22.71 108.98 131.69 OK
r-release-macos-arm64 0.1.3 NOTE
r-release-macos-x86_64 0.1.3 NOTE
r-release-windows-ix86+x86_64 0.1.3 75.00 185.00 260.00 OK
r-oldrel-macos-x86_64 0.1.3 NOTE
r-oldrel-windows-ix86+x86_64 0.1.3 77.00 180.00 257.00 OK

Check Details

Version: 0.1.3
Check: dependencies in R code
Result: NOTE
    Namespaces in Imports field not imported from:
     ‘DT’ ‘attempt’ ‘corpcor’ ‘glue’ ‘htmltools’ ‘pkgload’ ‘processx’
     ‘tools’
     All declared Imports should be used.
Flavors: r-devel-linux-x86_64-fedora-clang, r-devel-linux-x86_64-fedora-gcc, r-devel-windows-x86_64-new-TK, r-release-macos-arm64, r-release-macos-x86_64, r-oldrel-macos-x86_64